 1. Let o be z(3). Suppose 4*t = o*t - 200. Does 20 divide t?
False
Let p be (-1 + 6)/((-8)/(-16)). Suppose 0 = -2*l + 4*l - p. Does 2 divide l?
False
Is 4 + 2*159/6 a multiple of 5?
False
Suppose 2*u = -u + 519. Suppose -2*p + 24 + 5 = c, 0 = -5*c + 4*p + u. Suppose -4*o = -105 + c. Does 9 divide o?
True
Let z be (-13)/(-4) - (-15)/20. Suppose 3*w + 5*m = 2*w - z, m - 100 = -5*w. Is w a multiple of 5?
False
Is 3 a factor of (-1 + 3)*(-153)/(-34)?
True
Let q(g) = 11*g - 9. Is q(4) a multiple of 8?
False
Let g(p) = p**2. Let u be g(0). Suppose u*r + 1 = r. Let i = r + 2. Does 3 divide i?
True
Suppose 35 = 5*f + 5*d, 0 = 3*f + d - 6 - 7. Is (124 + -1)*1/f a multiple of 11?
False
Let f = 207 - 26. Does 13 divide f?
False
Let s(y) = 14*y**2 - y + 1. Suppose -5*l - m + 10 = 0, 2*l - 6*l - m = -9. Does 14 divide s(l)?
True
Suppose 0 = -3*m + 2*t - 14, 2*m = 2*t - t - 9. Is (-888)/(-21) + m/14 a multiple of 9?
False
Let s = -286 + 518. Suppose -z + 80 = -u - 2*z, -z = 3*u + s. Is 19 a factor of 0 + u/(-1 + -1)?
True
Suppose 0*l + 164 = 5*d + l, 3*l = 12. Is 4 a factor of d?
True
Let t be (-2)/(-1 + (-2)/(-4)). Suppose -g - 3*u = 6, t*g - 3*g - 12 = 3*u. Is g a multiple of 2?
False
Let u(s) be the third derivative of 0*s - 1/6*s**3 + 1/12*s**4 + 0 + 2/5*s**5 - 2*s**2. Is u(1) a multiple of 12?
False
Suppose 3*p = 5*p + 4. Does 7 divide 0 - (5 - -2)*p?
True
Let d(i) = -i**3 + 9*i**2 - 8*i + 12. Is 8 a factor of d(6)?
True
Let d(w) = -10*w**3. Let l be d(1). Let n(z) = z**3 + 11*z**2 + 10*z - 1. Let k be n(l). Does 13 divide (26/(3 + k))/1?
True
Let y be -10*(2 - (10 - 2)). Does 30 divide 6/10 - (-5364)/y?
True
Let h(p) = 2*p**2 + 9*p + 4. Let a be h(-6). Suppose a = 2*u + 3*w, -5*u + 2*w + 13 = -w. Suppose -2*r - r = -2*l + 26, l - u*r = 6. Is l a multiple of 8?
True
Let c(a) = a**3 - 2*a**2 + 6*a. Does 20 divide c(6)?
True
Let h = 4 + -2. Suppose 77 - 1 = -4*i + h*c, -i + 5*c - 10 = 0. Does 3 divide 4/(-12) - i/6?
True
Let m be 28/6 - (-2)/(-3). Let x = m - 0. Is 2/8 + 143/x a multiple of 18?
True
Suppose 2*p - 6*p - 2*k = -18, -2*p - 5*k + 13 = 0. Does 12 divide (-4)/p + -2 - -27?
True
Suppose f - 2*f = -4*q - 53, 0 = -5*f + 4*q + 185. Let h = f - 18. Is h a multiple of 5?
True
Suppose -2*u + 6 = 2. Let l(x) be the second derivative of 7*x**3/2 - x**2 - x. Is 19 a factor of l(u)?
False
Suppose x + 0 - 4 = 0. Let z = x + 14. Is 11 a factor of z?
False
Suppose 5*v = -8 + 18. Suppose v*c - 42 = -5*b, 5*b - 4*c - 36 = 3*b. Is 10 a factor of b?
True
Let z(q) = -9*q - 2. Let s(w) = -w - 5. Let t be s(-7). Let b be t/3 + 16/(-6). Does 10 divide z(b)?
False
Suppose -2*w = m + 6, 2*w + 3 = -2*m - 1. Let g(u) = -u**2 - 2*u - 2. Let a be g(w). Is (a/(-15))/((-2)/(-75)) a multiple of 11?
False
Let r be (5 + 0)/1 + -2. Suppose -2*s = -3*s - 5*f - 10, -s = r*f. Is s a multiple of 4?
False
Let o(x) = -x**2 + 8*x - 4. Let z be o(7). Let b be 6 + 9/(-3) - z. Suppose b = -3*r + 73 + 29. Is 12 a factor of r?
False
Suppose 0 = -2*j - j + 93. Let x = 51 - j. Does 10 divide x?
True
Let y(h) = -h**2 + 5. Let a be y(0). Suppose b - 1 - 6 = d, -4*d + 8 = a*b. Does 16 divide 3 - 2 - d*5?
True
Let q be 2/(-4)*26 + 3. Is 15 a factor of (-266)/q + 3/(-5)?
False
Let y = 271 + -150. Is y a multiple of 34?
False
Let r be (-9)/6 - (-11)/(-2). Let f(x) = x**2 + 4*x + 1. Does 6 divide f(r)?
False
Is 963/(-6)*(-6)/9 a multiple of 7?
False
Let p(s) = -4*s - 42. Is 10 a factor of p(-23)?
True
Let l = -18 - -34. Is 10 a factor of l?
False
Let l(v) be the first derivative of -v**4/4 - 3*v**3 + 4*v**2 - 10*v + 1. Let w be l(-10). Does 12 divide 124/w + 2/(-5)?
True
Suppose -16*v + 8*v + 1104 = 0. Is 6 a factor of v?
True
Suppose -15 = -5*d + 2*d. Let r(h) = -h. Let b be r(-3). Suppose 0 = 5*c - d*y - 15, -b*y + 19 = c. Is 7 a factor of c?
True
Suppose 5*m - 84 = -f, 5*f + 0*m - 342 = m. Is 15 a factor of f?
False
Let i(z) = z**2 - 3*z - 4. Is i(-14) a multiple of 15?
False
Let j(n) be the second derivative of 1/12*n**4 + 12*n**2 - 1/6*n**3 + n + 0. Is 8 a factor of j(0)?
True
Suppose -3*s - s + 256 = 0. Suppose 4*j + 0*j = s. Does 5 divide j?
False
Let k be 1*1*-2 + 41. Suppose -4*o + n + k = 0, -2 = 2*o - 5*n + 1. Suppose 10 = 2*u + 5*b - o, -b = -4*u + 75. Is u a multiple of 18?
True
Suppose 0 = 3*i - 2*i - 4. Let w be 3*i*(-7)/6. Is (1/1)/((-2)/w) a multiple of 3?
False
Does 12 divide (-92)/(-4) - (-2)/2?
True
Suppose -5*y = -39 - 81. Does 2 divide y?
True
Let i be (10 + -10)/(2/2). Suppose -3*m = -i*m - 12, 3*m + 22 = x. Is 17 a factor of x?
True
Let h(o) = -3*o**2 + 4*o - 2. Let n be h(4). Let r = 6 - n. Is r a multiple of 27?
False
Suppose 4 = b - 5*v, 5*b - 124 = -0*v - v. Suppose b = 2*m - 0*m. Does 6 divide m?
True
Suppose -131 = -5*r + 59. Is r a multiple of 19?
True
Let m(c) = 2*c + 2. Suppose 2*f = -2*f + 36. Does 10 divide m(f)?
True
Let o(p) = -11*p**3 + 9*p**2 + 26*p - 15. Let j(x) = 5*x**3 - 5*x**2 - 13*x + 7. Let q(d) = 13*j(d) + 6*o(d). Suppose -a + 1 = 11. Is q(a) a multiple of 15?
False
Let f be 40/18 + (-8)/36. Let o(r) = 0*r**f - 1 + 2*r + 8*r**2 + 0*r**2. Is 9 a factor of o(1)?
True
Suppose -3*m - 5*h = -36, -4*m + 3*h - 36 = -113. Let q(u) = 2*u**2 - 2*u**3 - u + 8*u**3 + m*u**3. Is q(1) a multiple of 12?
True
Suppose y + 275 = 7*m - 3*m, -4*m - 3*y = -263. Suppose -4*r + 244 = m. Is r a multiple of 18?
False
Suppose 5*o - 17 - 53 = 0. Is (-105)/o*20/(-6) a multiple of 25?
True
Let v = -10 - -17. Let x(z) = -z**2 + 8*z - 2. Is x(v) a multiple of 5?
True
Let p = 241 + -133. Is 18 a factor of p?
True
Let m(u) = 8*u - 1. Let y be m(3). Let w = y + -15. Is w a multiple of 8?
True
Suppose h - 4 = -6, 4*h = -4*k + 36. Let r(v) = v - 4. Is r(k) a multiple of 3?
False
Suppose -b + 35 = 2. Is b a multiple of 11?
True
Suppose 2 = -2*r + q, -5*r - 2*q = q + 5. Does 11 divide (6/4)/(r/(-22))?
True
Let i(l) = -l**2 + 4*l - 1. Let w be i(3). Suppose -w*h = -6*h. Suppose n = -s + 5, -2*s = n - h*n - 15. Does 8 divide s?
False
Let k be (12/4)/(1 - 0). Suppose 0*j = c - 2*j - 16, -49 = -k*c + 5*j. Does 9 divide c?
True
Let q(s) = 18*s**2 - 1. Let z be q(-4). Let o = z - 187. Does 20 divide o?
True
Suppose 168 = 9*i - 5*i. Is i a multiple of 20?
False
Suppose 3*k - k = 4. Suppose 32 = k*s - 24. Is s a multiple of 14?
True
Suppose -j - j = -70. Suppose -2*o = 2*l - 44, -j - 2 = -2*o + 5*l. Does 12 divide o?
False
Let j(n) = -n**2 - 6*n + 1. Let b be j(-8). Let d = b + 41. Is 9 a factor of d?
False
Let a(j) = j**3 + j**2 + j. Let c be 21/(-35) - (-6)/10. Let o be a(c). Suppose o = k + 2*k - 30. Does 4 divide k?
False
Let a(p) = -86*p**3 + p**2 - p - 1. Let v be ((-2)/(-3))/(2/(-3)). Let b be a(v). Is b/5 - 2/5 a multiple of 11?
False
Suppose -j + 15 = 3*t, 0*t + 2*t = 3*j + 10. Let v = t + -6. Does 10 divide v/((-3)/(-10))*-6?
True
Let o be (1/(-3))/((-2)/30). Suppose o*x = x + 72. Is x a multiple of 9?
True
Suppose 0*t = 3*t - 24. Let l(g) = 2*g + 1. Let z be l(t). Let a = z + -8. Is a a multiple of 6?
False
Suppose 5*q = -2*n - n + 140, n - 55 = -2*q. Suppose 2*c = 2*g + 3*c - 41, -5*c + q = g. Suppose z = 2*o - 22 - g, -z = 0. Is 21 a factor of o?
True
Let l be ((-1)/((-3)/2))/(3/(-729)). Let x be 22/6 - 1/(-3). Is 12 a factor of (x/6)/((-3)/l)?
True
Suppose 4*a - 2*m - 6 = 0, 0 = 2*m - 10 + 4. Suppose -3*v + a*c = -v - 24, 48 = 4*v - 4*c. Is (v - -2) + -1 + 1 a multiple of 14?
True
Let u(f) = -f**2. Let j be u(0). Let c(r) = -r**2 - r + 10. Is c(j) a multiple of 5?
True
Let s = 8 - -7. Let h be (-18)/s*(-5)/(-1). Is (-74)/(-6) - (-2)/h a multiple of 11?
False
Suppose -2*y - 136 = -5*g + 2*y, 4*g = -4*y + 80. Suppose 0 = -n + 4*n - g. Is 2 a factor of n?
True
Does 10 divide (41 - 1)*-9*(-1)/12?
True
Let n(g) be the second derivative of -g**3/6 - g**2 + 3*g. Let w be n(-7). Suppose -4*h + w*y = -0*y - 2, 2*h - 2*y - 2 = 0. Is 3 a factor of h?
True
Suppose -5*o + 56 = -194. Is 10 a factor of o?
True
Let d = 56 - 26. Is 8 a factor of d?
False
Let u(a) = 17*a - 2. Let r be 0/((-3)/1) + 1. Let i = r - -1. Is 13 a factor of u(i)?
False
Let v be 4/14 + (-142)/7. Let s be (-2)/((-4)/2) + v. Let u = s + 53. Does 14 divide u?
False
Suppose -r = 2*m + m - 27, 0 = -m. Is 20 a factor of r?
False
Suppose 38 = n - 63. Let m = -56 + n. Does 15 divide m?
True
Let v(t) be the third derivative of 